tor of 336 and 1050.
42
What is the highest common factor of 360 and 48?
24
What is the greatest common factor of 47 and 94?
47
What is the highest common factor of 3330 and 37?
37
Calculate the greatest common divisor of 6208 and 194.
194
What is the highest common divisor of 87 and 9570?
87
Calculate the highest common factor of 1089 and 198.
99
What is the highest common factor of 128 and 248?
8
Calculate the highest common factor of 464 and 58.
58
Calculate the highest common divisor of 38 and 703.
19
Calculate the greatest common factor of 4 and 12.
4
What is the greatest common factor of 105 and 672?
21
What is the highest common factor of 2407 and 232?
29
What is the highest common divisor of 304 and 224?
16
Calculate the greatest common factor of 576 and 480.
96
What is the greatest common divisor of 48 and 3688?
8
Calculate the greatest common factor of 18 and 117.
9
Calculate the highest common factor of 3700 and 50.
50
What is the greatest common factor of 133 and 21?
7
Calculate the highest common divisor of 40 and 11610.
10
Calculate the greatest common divisor of 116 and 4.
4
What is the highest common factor of 126 and 224?
14
What is the highest common factor of 195 and 260?
65
Calculate the highest common factor of 1975 and 925.
25
What is the highest common divisor of 112 and 49?
7
What is the greatest common factor of 36 and 48?
12
What is the highest common divisor of 306 and 27?
9
What is the greatest common factor of 39 and 156?
39
What is the greatest common divisor of 13926 and 176?
22
What is the highest common divisor of 2780 and 20?
20
Calculate the greatest common factor of 3 and 9987.
3
What is the greatest common factor of 5247 and 795?
159
Calculate the greatest common divisor of 72 and 198.
18
Calculate the highest common factor of 64 and 12.
4
Calculate the highest common divisor of 414 and 234.
18
What is the greatest common divisor of 158 and 869?
79
What is the highest common divisor of 1775 and 200?
25
What is the greatest common factor of 215 and 1591?
43
What is the highest common divisor of 16 and 1364?
4
Calculate the highest common divisor of 144 and 432.
144
What is the highest common factor of 651 and 465?
93
What is the greatest common factor of 4044 and 36?
12
What is the greatest common divisor of 71 and 63616?
71
Calculate the highest common factor of 2335 and 5.
5
What is the highest common divisor of 100 and 350?
50
What is the greatest common divisor of 489 and 19397?
163
Calculate the greatest common factor of 8 and 1992.
8
What is the greatest common factor of 169 and 416?
13
Calculate the highest common divisor of 32 and 688.
16
Calculate the highest common divisor of 50 and 1175.
25
What is the highest common divisor of 128 and 1216?
64
Calculate the highest common factor of 147 and 196.
49
What is the highest common divisor of 24 and 42?
6
Calculate the greatest common divisor of 140 and 14455.
35
Calculate the highest common factor of 2900 and 5365.
145
What is the greatest common divisor of 144 and 108?
36
Calculate the greatest common factor of 30 and 66.
6
Calculate the greatest common factor of 2320 and 100.
20
What is the greatest common divisor of 114 and 1216?
38
Calculate the greatest common divisor of 75 and 200.
25
Calculate the greatest common divisor of 25 and 225.
25
What is the greatest common factor of 536 and 8?
8
Calculate the greatest common divisor of 95 and 4370.
95
Calculate the greatest common divisor of 198 and 275.
11
What is the greatest common factor of 1152 and 216?
72
What is the highest common factor of 126 and 38724?
42
What is the highest common factor of 53 and 15953?
53
What is the highest common factor of 1384 and 184?
8
What is the greatest common factor of 15 and 24?
3
Calculate the highest common divisor of 452 and 12.
4
What is the greatest common factor of 5440 and 72?
8
What is the highest common divisor of 1233 and 9?
9
What is the greatest common divisor of 48 and 72?
24
What is the highest common divisor of 8 and 188?
4
What is the greatest common divisor of 112 and 80?
16
Calculate the highest common divisor of 200 and 5040.
40
What is the greatest common divisor of 32 and 16?
16
What is the greatest common factor of 1308 and 288?
12
Calculate the greatest common divisor of 164 and 4.
4
Calculate the highest common divisor of 21 and 91.
7
Calculate the highest common divisor of 585 and 1125.
45
Calculate the highest common divisor of 195 and 75.
15
What is the highest common divisor of 58 and 1682?
58
Calculate the greatest common divisor of 42 and 966.
42
What is the highest common divisor of 40 and 1960?
40
What is the highest common factor of 36 and 4734?
18
Calculate the greatest common factor of 32 and 96.
32
Calculate the highest common divisor of 6258 and 18.
6
What is the greatest common divisor of 89 and 89?
89
What is the highest common divisor of 289 and 74562?
289
What is the highest common divisor of 50 and 39250?
50
What is the highest common factor of 7 and 2863?
7
Calculate the greatest common factor of 1800 and 48.
24
Calculate the greatest common divisor of 26 and 1807.
13
What is the highest common divisor of 51 and 85?
17
Calculate the greatest common divisor of 115 and 2185.
115
Calculate the greatest common divisor of 24 and 104.
8
Calculate the greatest common divisor of 9 and 105.
3
What is the highest common factor of 84 and 30?
6
What is the greatest common factor of 504 and 56?
56
What is the highest common divisor of 10166 and 68?
34
Calculate the highest common divisor of 380 and 20.
20
What is the greatest common factor of 320 and 1630?
10
What is the highest common factor of 39 and 1469?
13
What is the greatest common factor of 160 and 115?
5
Calculate the highest common factor of 66 and 429.
33
What is the highest common factor of 40 and 392?
8
Calculate the greatest common factor of 435 and 116.
29
Calculate the highest common divisor of 16 and 10352.
16
Calculate the greatest common factor of 4042 and 188.
94
Calculate the highest common factor of 23 and 1403.
23
What is the greatest common divisor of 374 and 17?
17
Calculate the greatest common factor of 489 and 22168.
163
Calculate the highest common factor of 180 and 60.
60
Calculate the greatest common divisor of 162 and 702.
54
What is the highest common factor of 48 and 1851?
3
What is the highest common factor of 882 and 84?
42
What is the greatest common factor of 23 and 2599?
23
Calculate the highest common divisor of 279 and 873.
9
What is the highest common factor of 10229 and 318?
53
What is the greatest common factor of 38683 and 202?
101
Calculate the greatest common divisor of 1244 and 48.
4
What is the greatest common divisor of 37 and 296?
37
Calculate the greatest common divisor of 4 and 11.
1
What is the highest common divisor of 12 and 3012?
12
Calculate the greatest common factor of 215 and 15.
5
Calculate the highest common factor of 266 and 238.
14
Calculate the greatest common divisor of 841 and 58.
29
What is the highest common factor of 2077 and 31?
31
Calculate the greatest common divisor of 62 and 2201.
31
What is the highest common divisor of 3819 and 342?
57
What is the greatest common factor of 15120 and 224?
112
Calculate the highest common factor of 1650 and 30.
30
Calculate the greatest common factor of 3838 and 57.
19
What is the highest common divisor of 66 and 352?
22
Calculate the highest common divisor of 589 and 19.
19
What is the highest common factor of 85 and 12172?
17
Calculate the highest common factor of 58 and 1015.
29
Calculate the greatest common factor of 582 and 60.
6
Calculate the highest common divisor of 3715 and 15.
5
What is the greatest common divisor of 286 and 99?
11
Calculate the highest common divisor of 158 and 1817.
79
What is the greatest common divisor of 90 and 162?
18
What is the highest common divisor of 1746 and 138?
6
Calculate the greatest common factor of 285 and 65.
5
Calculate the highest common factor of 144 and 126.
18
What is the highest common factor of 92 and 796?
4
What is the greatest common divisor of 64 and 192?
64
What is the greatest common divisor of 2337 and 123?
123
What is the greatest common divisor of 34 and 24089?
17
Calculate the highest common factor of 14 and 350